ors of t(v).
2, 3
Suppose -14*i = -10*i - 96. List the prime factors of i.
2, 3
Suppose -2*m = 3*m + 90. Let q = m - -11. Let v = 0 - q. What are the prime factors of v?
7
Let s(q) = q**2 - 12*q + 1. Let d be s(11). Let o = 6 - d. What are the prime factors of o?
2
Suppose -2*l - 2*l = 0. Let n = 19 + -11. Let r = l + n. What are the prime factors of r?
2
Suppose 3*w - 18 = 3*v, 2*w - v - 11 = -0*v. Suppose w*h = -4*j + 56, -j = -3*h - 2*j + 28. What are the prime factors of h?
2
Let v(d) = 5*d**3 - 3*d**2 - 4*d + 3. List the prime factors of v(3).
3, 11
Let h(k) = 2*k - 1. Let t be h(3). Suppose -t*x = -x - 24. Let n = -1 + x. List the prime factors of n.
5
Suppose 0 = -3*o + 5*d + 76, -4*d + 0*d = o + 3. List the prime factors of o.
17
Let h(a) = a**3 + a + 1. Let u(d) = -3*d**3 + 7*d**2 - 2*d - 8. Let b(k) = -2*h(k) - u(k). What are the prime factors of b(7)?
2, 3
Let l = 2 - -3. Suppose -3*r = -9, 6*v - 85 = v - l*r. What are the prime factors of v?
2, 7
Suppose -4*r = -5*i - 3*r + 515, 2*i - 5*r - 206 = 0. List the prime factors of i.
103
Suppose o - 15 = 2*o. Let a = o + 53. List the prime factors of a.
2, 19
Let w(j) = -3*j - j**2 + 12 - j - j - 4*j. List the prime factors of w(-9).
2, 3
Let r(m) = m - 3. Let d be r(5). Suppose -d*j = -5*j + 45. Let c = -7 + j. List the prime factors of c.
2
Let h(f) = f**3 - 6*f**2 + 9*f - 1. What are the prime factors of h(4)?
3
Let k(d) = d**2 - 2*d - 3. Let m be k(4). Suppose -87 = -m*g + 143. Suppose 2*y = -4*i + 2*i + g, y - 95 = -5*i. List the prime factors of i.
2, 3
Let r(v) = 3*v**2 + 11*v + 10. List the prime factors of r(-7).
2, 5
Suppose -3*w - 2*w = 0. Suppose -q + 10 = d, -d - 2*q = -w*d - 5. List the prime factors of d.
3, 5
Suppose -i - 44 = 3*i. Let k = i + 25. What are the prime factors of k?
2, 7
Let k = -3 - -4. Let m be -1 - k*-3 - -3. Suppose 0 = 5*b - m, 5*l - 12 = 4*l - b. What are the prime factors of l?
11
List the prime factors of (-97)/(-3 - 15/(-6)).
2, 97
Suppose -7*u = -2*u - 50. Suppose 5*l - 4*l = u. Suppose g - l = -g. List the prime factors of g.
5
Suppose 4*q - 28 = -2*z, -5*q + 24 = -q + z. Suppose 3*n = -q + 50. List the prime factors of n.
3, 5
Suppose -6 = 2*u + 2. Let w(a) = 2*a + 5. Let x be w(u). What are the prime factors of ((-12)/9)/(2/x)?
2
Let t be 2/((-6)/(-3))*1. Let h = 9 + t. List the prime factors of h.
2, 5
Let b(g) = -2*g + 85. What are the prime factors of b(0)?
5, 17
List the prime factors of (0 - 4*23)*(1 - 3).
2, 23
Suppose -r + 4 = -8. What are the prime factors of -1 + (r - (-1 - 2))?
2, 7
Let y(t) = t**3 - 2*t + 32. Let z = -15 + 15. List the prime factors of y(z).
2
Suppose 3*s + 213 = i + 2*i, -2*s = -i + 75. What are the prime factors of i?
67
Let l = 5 + 1. Let c be (l/(-15))/((-1)/40). Let j = c - 10. List the prime factors of j.
2, 3
Let u(r) = 16*r + 15*r - 39*r. What are the prime factors of u(-4)?
2
List the prime factors of (-24)/6 + -1 - -412.
11, 37
Let n = -1 + 4. Suppose 5*h + r + r = -n, -r = h + 3. What are the prime factors of (0 + 20)/(2 - h)?
2, 5
Let s(r) = -2*r - 2. Let i be s(-2). Suppose 0 = i*q - 29 + 3. What are the prime factors of q?
13
Suppose 3*w = 66 - 0. What are the prime factors of w?
2, 11
Suppose 0 = f + 4*i - 12, 0 = -4*f - 0*f + 2*i + 30. What are the prime factors of f?
2
What are the prime factors of (30/(-8))/((-7)/56)?
2, 3, 5
Suppose 0 = 2*d - 134 + 6. List the prime factors of d.
2
Let i = 9 + -7. Let o be (-6)/15 - i/(-5). Suppose -5*d = -20, -2*v + v - 5*d + 24 = o. What are the prime factors of v?
2
Suppose 252 = 14*m - 1120. What are the prime factors of m?
2, 7
Let t = 63 - 8. What are the prime factors of t?
5, 11
Let t(c) = -2*c - 3. Let o = -3 - 8. List the prime factors of t(o).
19
Suppose o = c + 3, -4*o + 18 = 3*c - c. List the prime factors of o.
2
What are the prime factors of (-2)/(-2) - ((-63 - 2) + -1)?
67
What are the prime factors of 4*2 + -5 + 4?
7
Let j(c) = -4*c - 9. What are the prime factors of j(-7)?
19
Let b = 313 - 216. What are the prime factors of b?
97
Suppose 0 = -5*u + 12*u - 483. What are the prime factors of u?
3, 23
Let z(t) = 95*t**3 + t**2 - 2*t + 1. List the prime factors of z(1).
5, 19
Let m(h) = 0*h**2 + 4*h**2 - 3*h**2 - 2*h**2 - 12*h + 2. What are the prime factors of m(-10)?
2, 11
Let m(j) = -j**2 + 7*j - 4. Suppose 28 = -5*c + 3*s, -s - 12 = -3*c - 32. Let a = c + 14. What are the prime factors of m(a)?
2
Let d = 13 - -66. What are the prime factors of d?
79
Let r = 5 - -2. Suppose -4*g + r*g = 66. What are the prime factors of g?
2, 11
Let s(a) be the third derivative of -a**4/12 - a**3/3 + a**2. List the prime factors of s(-3).
2
Let u be 4*2/(5 - 1). Let g = 52 - u. What are the prime factors of g?
2, 5
Suppose 3*q - 22 = 53. What are the prime factors of q?
5
Suppose -w + 6 + 9 = 0. What are the prime factors of w?
3, 5
Let k be (40 - -1) + 5 + -8. Suppose k = q + q. List the prime factors of q.
19
Let q(m) be the second derivative of m**4/12 + 5*m**2/2 - m. Let a be q(4). Suppose 0 = 5*n + 4*l - 40, -4*n - 4*l + a = -11. What are the prime factors of n?
2
Let n(b) = -b**2 + 10*b - 10. Let g be n(8). Suppose -45 = -g*s + 3*s. List the prime factors of s.
3, 5
Suppose 0 = -0*r - 2*r + 74. List the prime factors of r.
37
Let w = -147 - -322. List the prime factors of w.
5, 7
Let h = 2 - -17. Suppose s - 45 = -4*s. Let f = h - s. What are the prime factors of f?
2, 5
Let l(m) = m + 2. Let h be l(-8). Let a(u) = -u**3 - 6*u**2 + 2. List the prime factors of a(h).
2
Suppose -3*l = -2*l - 27. Suppose 5*t = 4*q - l, 5*q - 13 = 3*q + 3*t. List the prime factors of q.
2
Suppose -21 = -5*l - j + 4*j, 4*l - j = 14. Suppose 0 = -3*s + 3*q - 3, -l*q - 3 + 12 = -s. List the prime factors of s.
3
Let q = 55 + -79. Let t = -7 - q. What are the prime factors of t?
17
Let f = -233 + 415. List the prime factors of f.
2, 7, 13
Suppose -4*h + 5*h - 3 = 0. List the prime factors of -6 + 5 - -10*h.
29
What are the prime factors of ((-96)/(-30) + -4)*(-135)/6?
2, 3
Suppose 0 = 5*z - x + 3*x - 23, 0 = 3*z - 2*x - 17. Suppose 4*i = 4*o + 3*i, -3*i = -3*o. Let t = z + o. List the prime factors of t.
5
Suppose 5*w + d - 295 = 6*d, 2*w = -d + 115. What are the prime factors of w?
2, 29
Let x(s) = 6*s. Let r be x(-1). Let o = 10 + r. List the prime factors of 50/o - 2/4.
2, 3
Let r(d) = 51 - 26 - 3*d - 32. What are the prime factors of r(-10)?
23
Suppose 2 = 5*b - 3. Let t(o) = 31*o + 27*o - 4*o**3 - 59*o + 12*o**3. What are the prime factors of t(b)?
7
Let u(l) = -l**2 - 8*l - 9. Let g be u(-6). Suppose 2*c = 4*j - 3*c - 133, 0 = -g*j + 2*c + 91. What are the prime factors of j?
3
Let l = 3 + -4. Let n be (-3 - -1)/(l/2). Suppose -h - h - m = -20, -n*m - 63 = -5*h. What are the prime factors of h?
11
Suppose 10 - 114 = -4*g. Let j = -16 + g. List the prime factors of j.
2, 5
Let z = -30 - -81. List the prime factors of z.
3, 17
Let z(x) = x**3 - 15*x**2 + 11*x + 10. What are the prime factors of z(15)?
5, 7
Let d = 4 + -2. Suppose -d*o + 96 = 2*o. What are the prime factors of o?
2, 3
List the prime factors of (-23)/(161/(-42))*(-26)/(-4).
3, 13
Let d = -2 + 2. Let q be 2/(1*(-1 + d)). What are the prime factors of (7 - (2 + -3)) + q?
2, 3
Let n = 5 + -3. Let v(c) = -n*c**2 + 6*c**2 + c**3 + 4*c - 6*c - 4. What are the prime factors of v(-4)?
2
Suppose -6*j = -j. Suppose j = 5*u - 47 - 68. What are the prime factors of u?
23
Let o = 12 - 9. Suppose -2*g - 3*g = 2*i + 6, -16 = -5*i + o*g. What are the prime factors of i?
2
Let u(o) = o**2 + o - 30. What are the prime factors of u(-19)?
2, 3, 13
Let m = 0 - -5. Suppose 3*h - 8 = m*h, x - 4*h = 1. List the prime factors of (-6)/9*x - -1.
11
Let a(q) = -q - 5. Let f be a(-7). Suppose f = 5*l - 18. Suppose 0*g + l*z - 6 = -g, g + 1 = 3*z. List the prime factors of g.
2
Let y = 26 - 18. Suppose -y*j = -7*j - 20. What are the prime factors of j?
2, 5
Let l(n) = 12*n. Let y(o) = 3*o. Let p(f) = -2*l(f) + 9*y(f). List the prime factors of p(4).
2, 3
Let i(k) = k - 1. Let a(r) = 6*r - 6. Let f(z) = -6*a(z) + 39*i(z). What are the prime factors of f(3)?
2, 3
Suppose 0 = 2*z - 10. Suppose 0 = 4*x + 5*l - 23, -4*x + z*l = l - 68. What are the prime factors of x?
2, 3
Let v = -60 - -95. List the prime factors of v.
5, 7
Suppose 5*r - 32 = r